culate the remainder when 1194196 is divided by 61.
60
Calculate the remainder when 297567 is divided by 327.
324
Calculate the remainder when 4003 is divided by 497.
27
Calculate the remainder when 1608 is divided by 149.
118
What is the remainder when 3144 is divided by 3128?
16
What is the remainder when 247231 is divided by 962?
959
What is the remainder when 2498 is divided by 51?
50
What is the remainder when 18973 is divided by 9466?
41
What is the remainder when 3028 is divided by 159?
7
What is the remainder when 26664 is divided by 14?
8
Calculate the remainder when 16777 is divided by 26.
7
Calculate the remainder when 31508 is divided by 2420.
48
Calculate the remainder when 176668 is divided by 453.
451
Calculate the remainder when 6191 is divided by 11.
9
Calculate the remainder when 55499 is divided by 73.
19
What is the remainder when 3780 is divided by 427?
364
Calculate the remainder when 3508 is divided by 2169.
1339
What is the remainder when 25348 is divided by 8429?
61
What is the remainder when 1469 is divided by 1147?
322
Calculate the remainder when 99453 is divided by 46.
1
What is the remainder when 175281 is divided by 81?
78
What is the remainder when 4339 is divided by 874?
843
Calculate the remainder when 160332 is divided by 80136.
60
What is the remainder when 2938 is divided by 412?
54
Calculate the remainder when 3540776 is divided by 316.
312
What is the remainder when 274031 is divided by 346?
345
What is the remainder when 12954 is divided by 49?
18
Calculate the remainder when 2496 is divided by 149.
112
What is the remainder when 10994297 is divided by 134?
133
What is the remainder when 390087 is divided by 48757?
31
What is the remainder when 855 is divided by 259?
78
What is the remainder when 8789 is divided by 340?
289
Calculate the remainder when 176603 is divided by 81.
23
Calculate the remainder when 12401 is divided by 3288.
2537
What is the remainder when 3194 is divided by 16?
10
Calculate the remainder when 2913 is divided by 14.
1
Calculate the remainder when 1688268 is divided by 217.
8
What is the remainder when 1080 is divided by 41?
14
Calculate the remainder when 190121 is divided by 345.
26
Calculate the remainder when 1585 is divided by 490.
115
What is the remainder when 214145 is divided by 568?
9
What is the remainder when 18798 is divided by 251?
224
What is the remainder when 1961 is divided by 12?
5
What is the remainder when 980902 is divided by 12?
10
What is the remainder when 213153 is divided by 445?
443
Calculate the remainder when 1067 is divided by 108.
95
Calculate the remainder when 30514 is divided by 85.
84
Calculate the remainder when 799510 is divided by 24.
22
What is the remainder when 54721 is divided by 123?
109
Calculate the remainder when 979 is divided by 5.
4
What is the remainder when 4110 is divided by 30?
0
What is the remainder when 22778 is divided by 1896?
26
What is the remainder when 4576 is divided by 902?
66
What is the remainder when 35509 is divided by 413?
404
What is the remainder when 7514 is divided by 1365?
689
What is the remainder when 45984 is divided by 45977?
7
What is the remainder when 9177 is divided by 367?
2
Calculate the remainder when 89608 is divided by 58.
56
What is the remainder when 1170730 is divided by 19?
7
What is the remainder when 8123 is divided by 5?
3
What is the remainder when 30534 is divided by 315?
294
Calculate the remainder when 64566 is divided by 206.
88
What is the remainder when 11638 is divided by 291?
289
What is the remainder when 82343 is divided by 583?
140
What is the remainder when 11483 is divided by 520?
43
Calculate the remainder when 8291 is divided by 8255.
36
What is the remainder when 260066 is divided by 130017?
32
What is the remainder when 88884 is divided by 542?
538
Calculate the remainder when 1495 is divided by 615.
265
What is the remainder when 1515388 is divided by 1303?
1302
Calculate the remainder when 14033 is divided by 93.
83
What is the remainder when 73378 is divided by 665?
228
Calculate the remainder when 126670 is divided by 348.
346
Calculate the remainder when 8997 is divided by 2989.
30
What is the remainder when 279190 is divided by 2366?
2
Calculate the remainder when 50718 is divided by 285.
273
Calculate the remainder when 19244 is divided by 110.
104
What is the remainder when 10686 is divided by 265?
86
Calculate the remainder when 7282 is divided by 2401.
79
What is the remainder when 313 is divided by 249?
64
What is the remainder when 311116 is divided by 37?
20
Calculate the remainder when 45870 is divided by 26.
6
What is the remainder when 6296 is divided by 3?
2
What is the remainder when 39359 is divided by 39159?
200
What is the remainder when 287317 is divided by 442?
17
What is the remainder when 848 is divided by 57?
50
What is the remainder when 1401 is divided by 608?
185
What is the remainder when 17315 is divided by 78?
77
What is the remainder when 2069 is divided by 313?
191
What is the remainder when 2603 is divided by 120?
83
Calculate the remainder when 200083 is divided by 40.
3
Calculate the remainder when 430962 is divided by 1664.
1650
What is the remainder when 1168814 is divided by 17?
13
What is the remainder when 28620 is divided by 14285?
50
What is the remainder when 5131 is divided by 184?
163
What is the remainder when 3913 is divided by 4?
1
What is the remainder when 6100822 is divided by 25?
22
What is the remainder when 297562 is divided by 116?
22
What is the remainder when 2799 is divided by 44?
27
Calculate the remainder when 187974 is divided by 10.
4
What is the remainder when 26650 is divided by 342?
316
What is the remainder when 18598 is divided by 2631?
181
What is the remainder when 6036 is divided by 3004?
28
Calculate the remainder when 159036 is divided by 359.
358
Calculate the remainder when 94773 is divided by 223.
221
Calculate the remainder when 9597507 is divided by 3155.
3152
What is the remainder when 8562 is divided by 212?
82
What is the remainder when 9752 is divided by 43?
34
Calculate the remainder when 52186 is divided by 34.
30
Calculate the remainder when 46333 is divided by 1464.
949
What is the remainder when 40314 is divided by 3904?
1274
Calculate the remainder when 50044 is divided by 217.
134
What is the remainder when 138393 is divided by 4324?
25
Calculate the remainder when 120293 is divided by 326.
325
What is the remainder when 4472 is divided by 14?
6
What is the remainder when 16455 is divided by 115?
10
What is the remainder when 79358 is divided by 496?
494
What is the remainder when 29489 is divided by 1133?
31
Calculate the remainder when 21593 is divided by 1338.
185
Calculate the remainder when 16639 is divided by 20.
19
What is the remainder when 1883 is divided by 272?
251
What is the remainder when 402 is divided by 70?
52
What is the remainder when 7458 is divided by 77?
66
Calculate the remainder when 4652 is divided by 238.
130
Calculate the remainder when 19934 is divided by 2212.
26
What is the remainder when 13092 is divided by 1033?
696
Calculate the remainder when 62125 is divided by 72.
61
What is the remainder when 9731 is divided by 59?
55
What is the remainder when 97885 is divided by 184?
181
What is the remainder when 82998 is divided by 546?
6
Calculate the remainder when 10197 is divided by 318.
21
What is the remainder when 33692 is divided by 2251?
2178
What is the remainder when 8631 is divided by 64?
55
What is the remainder when 97432 is divided by 32?
24
Calculate the remainder when 32575 is divided by 60.
55
What is the remainder when 56759 is divided by 88?
87
Calculate the remainder when 1045 is divided by 727.
318
Calculate the remainder when 26260 is divided by 94.
34
What is the remainder when 7713 is divided by 219?
48
What is the remainder when 2008 is divided by 186?
148
What is the remainder when 57481 is divided by 429?
424
Calculate the remainder when 6577 is divided by 763.
473
What is the remainder when 39538 is divided by 290?
98
Calculate the remainder when 131679 is divided by 190.
9
Calculate the remainder when 49302 is divided by 1202.
20
Calculate the remainder when 14295 is divided by 260.
255
Calculate the remainder when 345943 